{"id":66,"date":"2021-03-18T17:28:36","date_gmt":"2021-03-18T16:28:36","guid":{"rendered":"https:\/\/vackra.vidsel.se\/?page_id=66"},"modified":"2023-11-14T23:08:36","modified_gmt":"2023-11-14T22:08:36","slug":"hem","status":"publish","type":"page","link":"https:\/\/vackra.vidsel.se\/","title":{"rendered":"Hem"},"content":{"rendered":"\t\t<div data-elementor-type=\"wp-page\" data-elementor-id=\"66\" class=\"elementor elementor-66\" data-elementor-settings=\"[]\">\n\t\t\t\t\t\t\t<div class=\"elementor-section-wrap\">\n\t\t\t\t\t\t\t<section class=\"elementor-section elementor-top-section elementor-element elementor-element-57632f53 elementor-section-height-min-height elementor-section-boxed elementor-section-height-default elementor-section-items-middle\" data-id=\"57632f53\" data-element_type=\"section\" data-settings=\"{&quot;background_background&quot;:&quot;slideshow&quot;,&quot;background_slideshow_gallery&quot;:[{&quot;id&quot;:155,&quot;url&quot;:&quot;https:\\\/\\\/vackra.vidsel.se\\\/wp-content\\\/uploads\\\/2021\\\/03\\\/Openeyes-03091-scaled.jpg&quot;},{&quot;id&quot;:160,&quot;url&quot;:&quot;https:\\\/\\\/vackra.vidsel.se\\\/wp-content\\\/uploads\\\/2021\\\/03\\\/Openeyes-07878-scaled.jpg&quot;},{&quot;id&quot;:162,&quot;url&quot;:&quot;https:\\\/\\\/vackra.vidsel.se\\\/wp-content\\\/uploads\\\/2021\\\/03\\\/Openeyes-08856-scaled.jpg&quot;},{&quot;id&quot;:163,&quot;url&quot;:&quot;https:\\\/\\\/vackra.vidsel.se\\\/wp-content\\\/uploads\\\/2021\\\/03\\\/Openeyes-08845-scaled.jpg&quot;}],&quot;background_slideshow_slide_duration&quot;:6000,&quot;background_slideshow_transition_duration&quot;:1500,&quot;background_slideshow_loop&quot;:&quot;yes&quot;,&quot;background_slideshow_slide_transition&quot;:&quot;fade&quot;}\">\n\t\t\t\t\t\t\t<div class=\"elementor-background-overlay\"><\/div>\n\t\t\t\t\t\t\t<div class=\"elementor-container elementor-column-gap-default\">\n\t\t\t\t\t<div class=\"elementor-column elementor-col-100 elementor-top-column elementor-element elementor-element-5083c90c\" data-id=\"5083c90c\" data-element_type=\"column\">\n\t\t\t<div class=\"elementor-widget-wrap elementor-element-populated\">\n\t\t\t\t\t\t\t\t<div class=\"elementor-element elementor-element-7e559ce9 elementor-widget elementor-widget-heading\" data-id=\"7e559ce9\" data-element_type=\"widget\" data-widget_type=\"heading.default\">\n\t\t\t\t<div class=\"elementor-widget-container\">\n\t\t\t<h2 class=\"elementor-heading-title elementor-size-large\">V\u00e4lkommen Till Vidsel<\/h2>\t\t<\/div>\n\t\t\t\t<\/div>\n\t\t\t\t<div class=\"elementor-element elementor-element-35896c99 elementor-widget-divider--view-line elementor-widget elementor-widget-divider\" data-id=\"35896c99\" data-element_type=\"widget\" data-widget_type=\"divider.default\">\n\t\t\t\t<div class=\"elementor-widget-container\">\n\t\t\t\t\t<div class=\"elementor-divider\">\n\t\t\t<span class=\"elementor-divider-separator\">\n\t\t\t\t\t\t<\/span>\n\t\t<\/div>\n\t\t\t\t<\/div>\n\t\t\t\t<\/div>\n\t\t\t\t<div class=\"elementor-element elementor-element-beca7b5 elementor-widget-mobile__width-auto elementor-widget elementor-widget-image-carousel\" data-id=\"beca7b5\" data-element_type=\"widget\" data-settings=\"{&quot;slides_to_show&quot;:&quot;1&quot;,&quot;navigation&quot;:&quot;none&quot;,&quot;autoplay_speed&quot;:9999,&quot;effect&quot;:&quot;fade&quot;,&quot;speed&quot;:1500,&quot;slides_to_show_mobile&quot;:&quot;1&quot;,&quot;autoplay&quot;:&quot;yes&quot;,&quot;pause_on_hover&quot;:&quot;yes&quot;,&quot;pause_on_interaction&quot;:&quot;yes&quot;,&quot;infinite&quot;:&quot;yes&quot;}\" data-widget_type=\"image-carousel.default\">\n\t\t\t\t<div class=\"elementor-widget-container\">\n\t\t\t\t\t<div class=\"elementor-image-carousel-wrapper swiper-container\" dir=\"ltr\">\n\t\t\t<div class=\"elementor-image-carousel swiper-wrapper swiper-image-stretch\">\n\t\t\t\t<div class=\"swiper-slide\"><figure class=\"swiper-slide-inner\"><img class=\"swiper-slide-image\" src=\"https:\/\/vackra.vidsel.se\/wp-content\/uploads\/2022\/03\/Nya-bild1-1-1024x219.png\" alt=\"Nya bild1\" \/><\/figure><\/div><div class=\"swiper-slide\"><figure class=\"swiper-slide-inner\"><img class=\"swiper-slide-image\" src=\"https:\/\/vackra.vidsel.se\/wp-content\/uploads\/2022\/03\/Nya-bild2-1024x219.png\" alt=\"Nya bild2\" \/><\/figure><\/div><div class=\"swiper-slide\"><figure class=\"swiper-slide-inner\"><img class=\"swiper-slide-image\" src=\"https:\/\/vackra.vidsel.se\/wp-content\/uploads\/2022\/03\/Nya-bild3-1024x152.png\" alt=\"Nya bild3\" \/><\/figure><\/div>\t\t\t<\/div>\n\t\t\t\t\t\t\t\t\t\t\t\t\t\t\t\t<\/div>\n\t\t\t\t<\/div>\n\t\t\t\t<\/div>\n\t\t\t\t\t<\/div>\n\t\t<\/div>\n\t\t\t\t\t\t\t<\/div>\n\t\t<\/section>\n\t\t\t\t<section class=\"elementor-section elementor-top-section elementor-element elementor-element-e852348 elementor-section-boxed elementor-section-height-default elementor-section-height-default\" data-id=\"e852348\" data-element_type=\"section\">\n\t\t\t\t\t\t<div class=\"elementor-container elementor-column-gap-default\">\n\t\t\t\t\t<div class=\"elementor-column elementor-col-100 elementor-top-column elementor-element elementor-element-7c70c58\" data-id=\"7c70c58\" data-element_type=\"column\">\n\t\t\t<div class=\"elementor-widget-wrap elementor-element-populated\">\n\t\t\t\t\t\t\t\t<div class=\"elementor-element elementor-element-5cccbee elementor-widget elementor-widget-spacer\" data-id=\"5cccbee\" data-element_type=\"widget\" data-widget_type=\"spacer.default\">\n\t\t\t\t<div class=\"elementor-widget-container\">\n\t\t\t\t\t<div class=\"elementor-spacer\">\n\t\t\t<div class=\"elementor-spacer-inner\"><\/div>\n\t\t<\/div>\n\t\t\t\t<\/div>\n\t\t\t\t<\/div>\n\t\t\t\t<section class=\"elementor-section elementor-inner-section elementor-element elementor-element-6540f48 elementor-section-boxed elementor-section-height-default elementor-section-height-default\" data-id=\"6540f48\" data-element_type=\"section\">\n\t\t\t\t\t\t<div class=\"elementor-container elementor-column-gap-default\">\n\t\t\t\t\t<div class=\"elementor-column elementor-col-50 elementor-inner-column elementor-element elementor-element-b281391\" data-id=\"b281391\" data-element_type=\"column\">\n\t\t\t<div class=\"elementor-widget-wrap elementor-element-populated\">\n\t\t\t\t\t\t\t\t<div class=\"elementor-element elementor-element-5cea651 elementor-widget elementor-widget-heading\" data-id=\"5cea651\" data-element_type=\"widget\" data-widget_type=\"heading.default\">\n\t\t\t\t<div class=\"elementor-widget-container\">\n\t\t\t<h2 class=\"elementor-heading-title elementor-size-default\">V\u00e4lkommen till Vidsel!<\/h2>\t\t<\/div>\n\t\t\t\t<\/div>\n\t\t\t\t<div class=\"elementor-element elementor-element-04a503d elementor-widget elementor-widget-text-editor\" data-id=\"04a503d\" data-element_type=\"widget\" data-widget_type=\"text-editor.default\">\n\t\t\t\t<div class=\"elementor-widget-container\">\n\t\t\t\t\t<div class=\"elementor-text-editor elementor-clearfix\"><p>Hj\u00e4rtat p\u00e5 Pite\u00e4lvens s\u00f6dra strandbrink vid infarten till Vidsel, har blivit ortens symbol, ett upplyst k\u00e4nnem\u00e4rke, som v\u00e4xt sig att starkare genom \u00e5ren.<\/p><p>Fredrik Samuelsson, \u00e4r initiativtagare till hj\u00e4rtat som f\u00f6r f\u00f6rsta g\u00e5ngen t\u00e4ndes i oktober 2015. I b\u00f6rjan anv\u00e4ndes mellan 300 till 500 marschaller och upp till 1000 v\u00e4rmeljus f\u00f6r varje uppt\u00e4ndning. Ljuspunkterna placerades direkt p\u00e5 upptrampade sm\u00e5 hyllor i sanden, ett energikr\u00e4vande arbete, med spett, sl\u00e4gga och spade i den lutande sanden, som tog flera dagar innan allt var klart. T\u00e4ndning av hj\u00e4rtat skedde vid Allhelgonahelgen, Storforsens julmarknad, Jul och Ny\u00e5r. Det mesta har Fredrik sj\u00e4lv bekostat, men har f\u00e5tt sponsring av Hotell Storforsen, Delikatessfabriken, Lilla Pizzafabriken, Granlunds, S\u00f6ren Nilsson, Lars Berglund och privata personer via insamlingsb\u00f6ssa.<\/p><p>F\u00f6rsta ljusslingan t\u00e4ndes upp julen 2018. Sedan dessa har ljus- och marschallhyllorna kompletterats med omkring 700 meter ljusslinga. Slingorna drivs av stora bilbatterier som r\u00e4cker ungef\u00e4rligt en dag. F\u00f6r att h\u00e5lla upp ljusslingorna har en otrolig m\u00e4ngd tr\u00e4stolpar slagits ner i sanden. Fredriks \u00f6nskan \u00e4r att tillf\u00e4llen som Storforsens Julmarknad, Jul och Ny\u00e5r alltid kunna t\u00e4nda marschaller tillsammans med ljusslingorna.<\/p><p>Framtiden har ljus i sikte, nu p\u00e5g\u00e5r planering f\u00f6r en LED-ljusslinga f\u00f6r 230 Volt och el f\u00f6r dessa. Vill du hj\u00e4lpa till f\u00e5r du g\u00e4rna sk\u00e4nka en slant till Fredrik genom att swisha 070 18 03 375.<\/p><p>Kika g\u00e4rna in i v\u00e5rt galleri s\u00e5 f\u00e5r du se fler bilder fr\u00e5n v\u00e5rt vackra Vidsel.<\/p><\/div>\n\t\t\t\t<\/div>\n\t\t\t\t<\/div>\n\t\t\t\t\t<\/div>\n\t\t<\/div>\n\t\t\t\t<div class=\"elementor-column elementor-col-50 elementor-inner-column elementor-element elementor-element-82f0a64\" data-id=\"82f0a64\" data-element_type=\"column\">\n\t\t\t<div class=\"elementor-widget-wrap elementor-element-populated\">\n\t\t\t\t\t\t\t\t<div class=\"elementor-element elementor-element-4c563e3 elementor-widget elementor-widget-image\" data-id=\"4c563e3\" data-element_type=\"widget\" data-widget_type=\"image.default\">\n\t\t\t\t<div class=\"elementor-widget-container\">\n\t\t\t\t\t<div class=\"elementor-image\">\n\t\t\t\t\t\t\t\t\t\t<img width=\"768\" height=\"513\" src=\"https:\/\/vackra.vidsel.se\/wp-content\/uploads\/2023\/11\/P1250778-768x513.jpg\" class=\"attachment-medium_large size-medium_large\" alt=\"\" loading=\"lazy\" srcset=\"https:\/\/vackra.vidsel.se\/wp-content\/uploads\/2023\/11\/P1250778-768x513.jpg 768w, https:\/\/vackra.vidsel.se\/wp-content\/uploads\/2023\/11\/P1250778-300x200.jpg 300w, https:\/\/vackra.vidsel.se\/wp-content\/uploads\/2023\/11\/P1250778-1024x684.jpg 1024w, https:\/\/vackra.vidsel.se\/wp-content\/uploads\/2023\/11\/P1250778-1536x1026.jpg 1536w, https:\/\/vackra.vidsel.se\/wp-content\/uploads\/2023\/11\/P1250778-2048x1368.jpg 2048w\" sizes=\"(max-width: 768px) 100vw, 768px\" \/>\t\t\t\t\t\t\t\t\t\t\t<\/div>\n\t\t\t\t<\/div>\n\t\t\t\t<\/div>\n\t\t\t\t<div class=\"elementor-element elementor-element-4e6205a elementor-widget elementor-widget-image\" data-id=\"4e6205a\" data-element_type=\"widget\" data-widget_type=\"image.default\">\n\t\t\t\t<div class=\"elementor-widget-container\">\n\t\t\t\t\t<div class=\"elementor-image\">\n\t\t\t\t\t\t\t\t\t\t<img width=\"1024\" height=\"576\" src=\"https:\/\/vackra.vidsel.se\/wp-content\/uploads\/2023\/11\/G0027365-1024x576.jpg\" class=\"attachment-large size-large\" alt=\"\" loading=\"lazy\" srcset=\"https:\/\/vackra.vidsel.se\/wp-content\/uploads\/2023\/11\/G0027365-1024x576.jpg 1024w, https:\/\/vackra.vidsel.se\/wp-content\/uploads\/2023\/11\/G0027365-300x169.jpg 300w, https:\/\/vackra.vidsel.se\/wp-content\/uploads\/2023\/11\/G0027365-768x432.jpg 768w, https:\/\/vackra.vidsel.se\/wp-content\/uploads\/2023\/11\/G0027365-1536x864.jpg 1536w, https:\/\/vackra.vidsel.se\/wp-content\/uploads\/2023\/11\/G0027365-2048x1152.jpg 2048w\" sizes=\"(max-width: 1024px) 100vw, 1024px\" \/>\t\t\t\t\t\t\t\t\t\t\t<\/div>\n\t\t\t\t<\/div>\n\t\t\t\t<\/div>\n\t\t\t\t\t<\/div>\n\t\t<\/div>\n\t\t\t\t\t\t\t<\/div>\n\t\t<\/section>\n\t\t\t\t\t<\/div>\n\t\t<\/div>\n\t\t\t\t\t\t\t<\/div>\n\t\t<\/section>\n\t\t\t\t<section class=\"elementor-section elementor-top-section elementor-element elementor-element-0762e76 elementor-section-boxed elementor-section-height-default elementor-section-height-default\" data-id=\"0762e76\" data-element_type=\"section\">\n\t\t\t\t\t\t<div class=\"elementor-container elementor-column-gap-default\">\n\t\t\t\t\t<div class=\"elementor-column elementor-col-100 elementor-top-column elementor-element elementor-element-76a6da3\" data-id=\"76a6da3\" data-element_type=\"column\">\n\t\t\t<div class=\"elementor-widget-wrap elementor-element-populated\">\n\t\t\t\t\t\t\t\t<div class=\"elementor-element elementor-element-99b187d elementor-widget elementor-widget-spacer\" data-id=\"99b187d\" data-element_type=\"widget\" data-widget_type=\"spacer.default\">\n\t\t\t\t<div class=\"elementor-widget-container\">\n\t\t\t\t\t<div class=\"elementor-spacer\">\n\t\t\t<div class=\"elementor-spacer-inner\"><\/div>\n\t\t<\/div>\n\t\t\t\t<\/div>\n\t\t\t\t<\/div>\n\t\t\t\t<section class=\"elementor-section elementor-inner-section elementor-element elementor-element-9457d39 elementor-section-boxed elementor-section-height-default elementor-section-height-default\" data-id=\"9457d39\" data-element_type=\"section\">\n\t\t\t\t\t\t<div class=\"elementor-container elementor-column-gap-default\">\n\t\t\t\t\t<div class=\"elementor-column elementor-col-50 elementor-inner-column elementor-element elementor-element-d9a588c\" data-id=\"d9a588c\" data-element_type=\"column\">\n\t\t\t<div class=\"elementor-widget-wrap elementor-element-populated\">\n\t\t\t\t\t\t\t\t<div class=\"elementor-element elementor-element-57c387d elementor-widget elementor-widget-heading\" data-id=\"57c387d\" data-element_type=\"widget\" data-widget_type=\"heading.default\">\n\t\t\t\t<div class=\"elementor-widget-container\">\n\t\t\t<h2 class=\"elementor-heading-title elementor-size-default\">Vi bjuder p\u00e5 en rundtur i Vidsel<\/h2>\t\t<\/div>\n\t\t\t\t<\/div>\n\t\t\t\t<div class=\"elementor-element elementor-element-aa5d2d5 elementor-widget elementor-widget-text-editor\" data-id=\"aa5d2d5\" data-element_type=\"widget\" data-widget_type=\"text-editor.default\">\n\t\t\t\t<div class=\"elementor-widget-container\">\n\t\t\t\t\t<div class=\"elementor-text-editor elementor-clearfix\"><p><span style=\"font-style: inherit; font-weight: inherit;\">Den h\u00e4r filmen \u00e4r gjord av Samuel Andersson och visar lite av vad Vidsel med omnejd har att erbjuda! Storslagen och vacker natur \u00e4r vi rika p\u00e5 och \u00e4lskar du det lika mycket som oss s\u00e5 kommer du trivas h\u00e4r!\u00a0<\/span><\/p><\/div>\n\t\t\t\t<\/div>\n\t\t\t\t<\/div>\n\t\t\t\t\t<\/div>\n\t\t<\/div>\n\t\t\t\t<div class=\"elementor-column elementor-col-50 elementor-inner-column elementor-element elementor-element-e3c0e95\" data-id=\"e3c0e95\" data-element_type=\"column\">\n\t\t\t<div class=\"elementor-widget-wrap elementor-element-populated\">\n\t\t\t\t\t\t\t\t<div class=\"elementor-element elementor-element-fd34258 elementor-aspect-ratio-169 elementor-widget elementor-widget-video\" data-id=\"fd34258\" data-element_type=\"widget\" data-settings=\"{&quot;youtube_url&quot;:&quot;https:\\\/\\\/youtu.be\\\/UUdzi7hokYg&quot;,&quot;autoplay&quot;:&quot;yes&quot;,&quot;video_type&quot;:&quot;youtube&quot;,&quot;controls&quot;:&quot;yes&quot;,&quot;aspect_ratio&quot;:&quot;169&quot;}\" data-widget_type=\"video.default\">\n\t\t\t\t<div class=\"elementor-widget-container\">\n\t\t\t\t\t<div class=\"elementor-wrapper elementor-fit-aspect-ratio elementor-open-inline\">\n\t\t\t<div class=\"elementor-video\"><\/div>\t\t<\/div>\n\t\t\t\t<\/div>\n\t\t\t\t<\/div>\n\t\t\t\t\t<\/div>\n\t\t<\/div>\n\t\t\t\t\t\t\t<\/div>\n\t\t<\/section>\n\t\t\t\t\t<\/div>\n\t\t<\/div>\n\t\t\t\t\t\t\t<\/div>\n\t\t<\/section>\n\t\t\t\t<section class=\"elementor-section elementor-top-section elementor-element elementor-element-f5cd707 elementor-section-boxed elementor-section-height-default elementor-section-height-default\" data-id=\"f5cd707\" data-element_type=\"section\">\n\t\t\t\t\t\t<div class=\"elementor-container elementor-column-gap-default\">\n\t\t\t\t\t<div class=\"elementor-column elementor-col-100 elementor-top-column elementor-element elementor-element-a344c09\" data-id=\"a344c09\" data-element_type=\"column\">\n\t\t\t<div class=\"elementor-widget-wrap elementor-element-populated\">\n\t\t\t\t\t\t\t\t<div class=\"elementor-element elementor-element-eef5861 elementor-widget elementor-widget-heading\" data-id=\"eef5861\" data-element_type=\"widget\" data-widget_type=\"heading.default\">\n\t\t\t\t<div class=\"elementor-widget-container\">\n\t\t\t<h2 class=\"elementor-heading-title elementor-size-default\">Om Vidsel<\/h2>\t\t<\/div>\n\t\t\t\t<\/div>\n\t\t\t\t\t<\/div>\n\t\t<\/div>\n\t\t\t\t\t\t\t<\/div>\n\t\t<\/section>\n\t\t\t\t<section class=\"elementor-section elementor-top-section elementor-element elementor-element-9c2b89b elementor-section-boxed elementor-section-height-default elementor-section-height-default\" data-id=\"9c2b89b\" data-element_type=\"section\">\n\t\t\t\t\t\t<div class=\"elementor-container elementor-column-gap-default\">\n\t\t\t\t\t<div class=\"elementor-column elementor-col-50 elementor-top-column elementor-element elementor-element-aa17358\" data-id=\"aa17358\" data-element_type=\"column\">\n\t\t\t<div class=\"elementor-widget-wrap elementor-element-populated\">\n\t\t\t\t\t\t\t\t<div class=\"elementor-element elementor-element-f1471d6 elementor-widget elementor-widget-text-editor\" data-id=\"f1471d6\" data-element_type=\"widget\" data-widget_type=\"text-editor.default\">\n\t\t\t\t<div class=\"elementor-widget-container\">\n\t\t\t\t\t<div class=\"elementor-text-editor elementor-clearfix\"><p>Vidsel \u00e4r den n\u00e4st st\u00f6rsta t\u00e4torten i \u00c4lvsbyns kommun och ligger vid Pite\u00e4lven, omkring 35 kilometer nordv\u00e4st om \u00c4lvsbyn. Vidsel kallas Robotbyn p\u00e5 grund av n\u00e4rheten till Robotf\u00f6rs\u00f6ksplats Norrland, och ocks\u00e5 p\u00e5 grund av den robot som pryder torget och som \u00e4r sk\u00e4nkt av Saab AB.<\/p><p>Orten ligger centralt i Norrbottens l\u00e4n, en timmes bilv\u00e4g fr\u00e5n Pite\u00e5, Lule\u00e5, Boden, Jokkmokk och Arvidsjaur, och ben\u00e4mner sig d\u00e4rf\u00f6r ocks\u00e5 &#8221;Norrbottens n\u00e4rmaste by&#8221;<\/p><p>H\u00e4r finns ett v\u00e4letablerat n\u00e4ringsliv med flera f\u00f6retag stora, som sm\u00e5, som bor och verkar i n\u00e4rheten av byn.\u00a0<\/p><\/div>\n\t\t\t\t<\/div>\n\t\t\t\t<\/div>\n\t\t\t\t\t<\/div>\n\t\t<\/div>\n\t\t\t\t<div class=\"elementor-column elementor-col-50 elementor-top-column elementor-element elementor-element-dff08d0\" data-id=\"dff08d0\" data-element_type=\"column\">\n\t\t\t<div class=\"elementor-widget-wrap elementor-element-populated\">\n\t\t\t\t\t\t\t\t<div class=\"elementor-element elementor-element-dd8f31c elementor-widget elementor-widget-image\" data-id=\"dd8f31c\" data-element_type=\"widget\" data-widget_type=\"image.default\">\n\t\t\t\t<div class=\"elementor-widget-container\">\n\t\t\t\t\t<div class=\"elementor-image\">\n\t\t\t\t\t\t\t\t\t\t<img width=\"211\" height=\"150\" src=\"https:\/\/vackra.vidsel.se\/wp-content\/uploads\/2021\/03\/th.jpeg\" class=\"attachment-2048x2048 size-2048x2048\" alt=\"\" loading=\"lazy\" \/>\t\t\t\t\t\t\t\t\t\t\t<\/div>\n\t\t\t\t<\/div>\n\t\t\t\t<\/div>\n\t\t\t\t\t<\/div>\n\t\t<\/div>\n\t\t\t\t\t\t\t<\/div>\n\t\t<\/section>\n\t\t\t\t<section class=\"elementor-section elementor-top-section elementor-element elementor-element-f8704af elementor-section-boxed elementor-section-height-default elementor-section-height-default\" data-id=\"f8704af\" data-element_type=\"section\">\n\t\t\t\t\t\t<div class=\"elementor-container elementor-column-gap-default\">\n\t\t\t\t\t<div class=\"elementor-column elementor-col-50 elementor-top-column elementor-element elementor-element-5706fe1\" data-id=\"5706fe1\" data-element_type=\"column\">\n\t\t\t<div class=\"elementor-widget-wrap elementor-element-populated\">\n\t\t\t\t\t\t\t\t<div class=\"elementor-element elementor-element-cb2d031 elementor-widget elementor-widget-image\" data-id=\"cb2d031\" data-element_type=\"widget\" data-widget_type=\"image.default\">\n\t\t\t\t<div class=\"elementor-widget-container\">\n\t\t\t\t\t<div class=\"elementor-image\">\n\t\t\t\t\t\t\t\t\t\t<img width=\"1024\" height=\"725\" src=\"https:\/\/vackra.vidsel.se\/wp-content\/uploads\/2021\/05\/Vidselkarta-1024x725.jpg\" class=\"attachment-large size-large\" alt=\"\" loading=\"lazy\" srcset=\"https:\/\/vackra.vidsel.se\/wp-content\/uploads\/2021\/05\/Vidselkarta-1024x725.jpg 1024w, https:\/\/vackra.vidsel.se\/wp-content\/uploads\/2021\/05\/Vidselkarta-300x212.jpg 300w, https:\/\/vackra.vidsel.se\/wp-content\/uploads\/2021\/05\/Vidselkarta-768x543.jpg 768w, https:\/\/vackra.vidsel.se\/wp-content\/uploads\/2021\/05\/Vidselkarta-1536x1087.jpg 1536w, https:\/\/vackra.vidsel.se\/wp-content\/uploads\/2021\/05\/Vidselkarta-2048x1449.jpg 2048w\" sizes=\"(max-width: 1024px) 100vw, 1024px\" \/>\t\t\t\t\t\t\t\t\t\t\t<\/div>\n\t\t\t\t<\/div>\n\t\t\t\t<\/div>\n\t\t\t\t\t<\/div>\n\t\t<\/div>\n\t\t\t\t<div class=\"elementor-column elementor-col-50 elementor-top-column elementor-element elementor-element-e49cb17\" data-id=\"e49cb17\" data-element_type=\"column\">\n\t\t\t<div class=\"elementor-widget-wrap elementor-element-populated\">\n\t\t\t\t\t\t\t\t<div class=\"elementor-element elementor-element-4236d19 elementor-widget elementor-widget-heading\" data-id=\"4236d19\" data-element_type=\"widget\" data-widget_type=\"heading.default\">\n\t\t\t\t<div class=\"elementor-widget-container\">\n\t\t\t<h2 class=\"elementor-heading-title elementor-size-default\">Hitta i Vidsel           <\/h2>\t\t<\/div>\n\t\t\t\t<\/div>\n\t\t\t\t<div class=\"elementor-element elementor-element-a1c9773 elementor-widget elementor-widget-text-editor\" data-id=\"a1c9773\" data-element_type=\"widget\" data-widget_type=\"text-editor.default\">\n\t\t\t\t<div class=\"elementor-widget-container\">\n\t\t\t\t\t<div class=\"elementor-text-editor elementor-clearfix\"><p>I Vidsel finns mycket att uppt\u00e4cka! Ta p\u00e5 dej skorna och f\u00f6lj n\u00e4rmaste stig om du vill ha en naturn\u00e4ra upplevelse, det finns slingor som g\u00e5r \u00e4nda till foten av den m\u00e4ktiga Storforsen. Om du vill koppla av en stund vid \u00e4lven har vi en fin badplats med eldst\u00e4der och en beachvolleybollplan. Vintertid finns det m\u00e5nga skoterleder och ett fint l\u00e4ngd skidsp\u00e5r, som inte bara \u00e4r popul\u00e4rt bland byborna utan \u00e4ven ett st\u00e4lle d\u00e4r turister kommer f\u00f6r att testa sina skidor. V\u00e4lkommen hit att utforska v\u00e5ran by.<\/p><\/div>\n\t\t\t\t<\/div>\n\t\t\t\t<\/div>\n\t\t\t\t\t<\/div>\n\t\t<\/div>\n\t\t\t\t\t\t\t<\/div>\n\t\t<\/section>\n\t\t\t\t<section class=\"elementor-section elementor-top-section elementor-element elementor-element-dddefa0 elementor-section-boxed elementor-section-height-default elementor-section-height-default\" data-id=\"dddefa0\" data-element_type=\"section\">\n\t\t\t\t\t\t<div class=\"elementor-container elementor-column-gap-default\">\n\t\t\t\t\t<div class=\"elementor-column elementor-col-100 elementor-top-column elementor-element elementor-element-08b42cd\" data-id=\"08b42cd\" data-element_type=\"column\">\n\t\t\t<div class=\"elementor-widget-wrap elementor-element-populated\">\n\t\t\t\t\t\t\t\t<div class=\"elementor-element elementor-element-a8edcef elementor-widget elementor-widget-spacer\" data-id=\"a8edcef\" data-element_type=\"widget\" data-widget_type=\"spacer.default\">\n\t\t\t\t<div class=\"elementor-widget-container\">\n\t\t\t\t\t<div class=\"elementor-spacer\">\n\t\t\t<div class=\"elementor-spacer-inner\"><\/div>\n\t\t<\/div>\n\t\t\t\t<\/div>\n\t\t\t\t<\/div>\n\t\t\t\t\t<\/div>\n\t\t<\/div>\n\t\t\t\t\t\t\t<\/div>\n\t\t<\/section>\n\t\t\t\t<section class=\"elementor-section elementor-top-section elementor-element elementor-element-612ef33d elementor-section-boxed elementor-section-height-default elementor-section-height-default\" data-id=\"612ef33d\" data-element_type=\"section\" data-settings=\"{&quot;background_background&quot;:&quot;classic&quot;}\">\n\t\t\t\t\t\t<div class=\"elementor-container elementor-column-gap-default\">\n\t\t\t\t\t<div class=\"elementor-column elementor-col-100 elementor-top-column elementor-element elementor-element-1d34adaa\" data-id=\"1d34adaa\" data-element_type=\"column\">\n\t\t\t<div class=\"elementor-widget-wrap elementor-element-populated\">\n\t\t\t\t\t\t\t\t<div class=\"elementor-element elementor-element-36ba56b4 e-grid-align-center e-grid-align-center elementor-shape-rounded elementor-grid-0 e-grid-align-center elementor-widget elementor-widget-social-icons\" data-id=\"36ba56b4\" data-element_type=\"widget\" data-widget_type=\"social-icons.default\">\n\t\t\t\t<div class=\"elementor-widget-container\">\n\t\t\t\t\t<div class=\"elementor-social-icons-wrapper elementor-grid\">\n\t\t\t\t\t\t\t<div class=\"elementor-grid-item\">\n\t\t\t\t\t<a class=\"elementor-icon elementor-social-icon elementor-social-icon-facebook-f elementor-repeater-item-8c4d2e7\" target=\"_blank\">\n\t\t\t\t\t\t<span class=\"elementor-screen-only\">Facebook-f<\/span>\n\t\t\t\t\t\t<i class=\"fab fa-facebook-f\"><\/i>\t\t\t\t\t<\/a>\n\t\t\t\t<\/div>\n\t\t\t\t\t<\/div>\n\t\t\t\t<\/div>\n\t\t\t\t<\/div>\n\t\t\t\t\t<\/div>\n\t\t<\/div>\n\t\t\t\t\t\t\t<\/div>\n\t\t<\/section>\n\t\t\t\t\t\t<\/div>\n\t\t\t\t\t<\/div>\n\t\t","protected":false},"excerpt":{"rendered":"<p>V\u00e4lkommen Till Vidsel V\u00e4lkommen till Vidsel! Hj\u00e4rtat p\u00e5 Pite\u00e4lvens s\u00f6dra strandbrink vid infarten till Vidsel, har blivit ortens symbol, ett upplyst k\u00e4nnem\u00e4rke, som v\u00e4xt sig att starkare genom \u00e5ren. Fredrik Samuelsson, \u00e4r initiativtagare till hj\u00e4rtat som f\u00f6r f\u00f6rsta g\u00e5ngen t\u00e4ndes i oktober 2015. I b\u00f6rjan anv\u00e4ndes mellan 300 till 500 marschaller och upp till 1000 &hellip;<\/p>\n<p class=\"read-more\"> <a class=\"\" href=\"https:\/\/vackra.vidsel.se\/\"> <span class=\"screen-reader-text\">Hem<\/span> L\u00e4s mer &raquo;<\/a><\/p>\n","protected":false},"author":3,"featured_media":0,"parent":0,"menu_order":0,"comment_status":"closed","ping_status":"closed","template":"","meta":[],"_links":{"self":[{"href":"https:\/\/vackra.vidsel.se\/index.php?rest_route=\/wp\/v2\/pages\/66"}],"collection":[{"href":"https:\/\/vackra.vidsel.se\/index.php?rest_route=\/wp\/v2\/pages"}],"about":[{"href":"https:\/\/vackra.vidsel.se\/index.php?rest_route=\/wp\/v2\/types\/page"}],"author":[{"embeddable":true,"href":"https:\/\/vackra.vidsel.se\/index.php?rest_route=\/wp\/v2\/users\/3"}],"replies":[{"embeddable":true,"href":"https:\/\/vackra.vidsel.se\/index.php?rest_route=%2Fwp%2Fv2%2Fcomments&post=66"}],"version-history":[{"count":97,"href":"https:\/\/vackra.vidsel.se\/index.php?rest_route=\/wp\/v2\/pages\/66\/revisions"}],"predecessor-version":[{"id":869,"href":"https:\/\/vackra.vidsel.se\/index.php?rest_route=\/wp\/v2\/pages\/66\/revisions\/869"}],"wp:attachment":[{"href":"https:\/\/vackra.vidsel.se\/index.php?rest_route=%2Fwp%2Fv2%2Fmedia&parent=66"}],"curies":[{"name":"wp","href":"https:\/\/api.w.org\/{rel}","templated":true}]}}